 = -0*v - v - 4*d. Let f(a) = -4*a + v*a + 1 + 0. Give f(q).
-2
Let h(x) = -6*x - 2. Let n(j) = -11*j - 3. Let u(t) = 5*h(t) - 3*n(t). Calculate u(-2).
-7
Let s be -3 - -6 - 5 - -1. Let b be (-4 - (s - -4)) + 1. Let j(m) = m + 8. Determine j(b).
2
Let k(g) be the first derivative of 1/3*g**3 + 1/4*g**4 + g**2 + 3*g + 2. Suppose -5*q + z - 6 = 2, 2*q = 5*z + 6. Give k(q).
-5
Let q(h) be the first derivative of h**5/60 + h**4/8 + h**3/3 - h**2 + 3. Let m(x) be the second derivative of q(x). Let g = 1 - 3. Determine m(g).
0
Let v(p) be the second derivative of -p**5/20 + 7*p**4/12 - p**3/3 - 3*p**2 + 19*p. Calculate v(7).
-20
Let c(m) = 3 + 0 - 1 - 6 + m. Let p be 9/2 - 4/(-8). Calculate c(p).
1
Let v(h) = -2*h + h + 8 + 0. Let z = 101 + -95. Give v(z).
2
Suppose 3*y + 4*c - 6 = 0, -5*c + 2 = -y + 4. Let d(i) = i**2 + 3*i - 3. Give d(y).
7
Let q(c) = c + 6. Let t(v) = -6*v**3 - v**2 - v - 1. Let s be t(-1). Suppose s*z + 23 + 7 = 0. Let l be q(z). Let f(a) = a**2 + a - 5. Determine f(l).
-5
Let v(r) = r**2 + 8*r + 6. Let c = 7 - 4. Suppose 0 = -2*a + c*a + 6. What is v(a)?
-6
Let a(p) = 7*p**2 + 5*p + 3. Let q(j) = -3*j**2 - 2*j - 1. Let t(y) = -2*a(y) - 5*q(y). What is t(3)?
8
Let b be 0 - 1 - (-10 - -8). Let m = b - -5. Let s(f) = -f**2 + 8*f - 8. Determine s(m).
4
Let b(z) = 5*z**3 - 6*z + 2. Let y(u) = 14*u**3 + u**2 - 18*u + 5. Let h(a) = 11*b(a) - 4*y(a). Let l = -12 - -7. What is h(l)?
-3
Let d be 23/7 + (-8)/28. Suppose 2*v - 2*o - 6 = -0, 2*v + o = 0. Let w(q) = v + 1 - 6 + q + 6. Give w(d).
5
Suppose 3*m + g = 15, 7*m - 3*m + 3*g - 25 = 0. Let r be 2/(-2 + m)*1. Let y(a) = 11*a**2 - a. Calculate y(r).
10
Let l = 23 + -16. Let g(p) = -l*p + 4*p**3 - 3*p**3 + 2*p**2 - 6 + 2*p**2 - p. What is g(-5)?
9
Let p(r) = r**3 - 3*r**2 + 2*r + 1. Let b be p(2). Let n(w) = -13*w. Give n(b).
-13
Let p(t) be the third derivative of t**5/30 - t**4/8 - t**3/2 + t**2. Let b = -24 + 27. Determine p(b).
6
Let m be ((-6)/18)/((-1)/6). Let v(q) = 6 - q**m - 9 + q - 8*q. Give v(-4).
9
Let j(z) = 4*z + 15. Let q be (0 - (-3 - -2))*-6. Let l(u) = -2*u - 7. Let v(t) = q*j(t) - 13*l(t). Give v(3).
7
Let z(m) = -7 - 11*m - 6*m**2 - m**3 + 0*m**2 - 5*m**2. Let f be z(-10). Let t(p) = 8 - p + p**2 - 2 + 0*p + p**f. Give t(0).
6
Let p(u) = -u**3 - 7*u**2 - 8*u - 9. Let z be p(-6). Let m(c) = 1 - 8*c**3 + 46*c + c**z - 45*c + c**2 + 0*c**3. What is m(-1)?
8
Let f(w) = -8*w**2 + 8*w + 17. Let r(g) = -3*g**2 + 3*g + 6. Let x(i) = 4*f(i) - 11*r(i). Let t be 46/3 - 14/(-21). Let s = t - 14. What is x(s)?
4
Suppose -3*i + 7*i - 8 = 0. Suppose 0*f = -2*f - a - i, f - a - 5 = 0. Let k(y) = -3*y - 1. Calculate k(f).
-4
Let j(q) = -q - 4. Let t(f) = -f**2 - 19*f - 30. Let u be t(-17). Determine j(u).
-8
Let n(t) = -t**3 + 3*t**2 + 3*t - 2. Suppose -i = -2*q + 6, 0*q - q = 2*i - 13. Give n(i).
-6
Suppose 6*h - 2 = h + q, 4*q = -8. Let x(y) = 6*y - 1. Let g(o) = -5*o + 2. Let n(j) = 5*g(j) + 4*x(j). Calculate n(h).
6
Let g be 2 + 1 + 2*-3. Let k be (g + 5)*(0 + 2). Let v(w) = 7*w**2 - 15*w + 8. Let f(a) = -10*a**2 + 22*a - 12. Let d(p) = 5*f(p) + 7*v(p). Determine d(k).
0
Let p = 1 + -2. Let o(v) = 5*v + 7. Let t(s) = 3*s + 4. Let b(d) = -4*o(d) + 7*t(d). What is b(p)?
-1
Let y(j) = -j**3 - j**2 - 3*j - 3. Let h(s) = -4*s**3 - 2*s**2 - 8*s - 10. Let i(q) = 2*h(q) - 7*y(q). Determine i(4).
5
Let j(s) = 13*s + 1. Let y be -1*2/4*-2. Calculate j(y).
14
Suppose -21*u + 88 = -10*u. Let j(w) = -w**2 + 11*w - 2. What is j(u)?
22
Let a(s) = s - 10. Let h(q) = 2*q**3 - 36*q**2 + q - 12. Let j be h(18). Give a(j).
-4
Let k(t) = -t. Let i be k(-2). Suppose -u = -i*u + 4. Suppose -u = -b - 0*b. Let z(y) = -y**2 + 8*y - 6. Give z(b).
10
Let s be (2 + -4)*2 - 0. Let r = 12 + s. Let p(n) = 0*n**2 + n**2 + 7 + n**2 - n**2 + r*n. Give p(-6).
-5
Let b(s) = 74*s - 142*s + 73*s - 8. Give b(6).
22
Suppose h + 2*h + 4*s = 21, 3*s = 0. Let y = h + -13. Let w(z) = 2*z + 6. Calculate w(y).
-6
Let f(r) = -2*r**2 + 0*r**2 + 4*r**2 - 5*r - 3 + r**3 - r**2. Let u be f(-3). Let l(j) = j + 5. Give l(u).
-1
Let r(w) = w**3 - 1. Let j(d) = -7*d**3 - 5*d**2 + 9*d - 2. Let z(k) = -j(k) - 2*r(k). Let x(t) = t**3 - t. Let f(m) = -6*x(m) + z(m). Calculate f(4).
8
Let i(f) = f**2 + 4*f - 4. Let n be i(-4). Let m(s) = -s**3 - 5*s**2 - 5*s - 1. Give m(n).
3
Let u(s) = -s**3 - s. Let k(o) be the third derivative of o**6/12 + o**4/3 + 10*o**2. Let p(g) = 5*k(g) + 40*u(g). What is p(1)?
10
Let q(b) = 41 - 43 + 3*b - 4*b. Determine q(5).
-7
Let t = 108 - 109. Let n(s) = -6*s**2 + 1. Calculate n(t).
-5
Let d(q) = q**3 - 4*q**2 - 6*q - 2. Suppose 0 = z + z - 12. Suppose 3*k - z - 9 = 0. Determine d(k).
-7
Let n(m) = 9*m - 1. Let b(l) = 4*l. Suppose -7 = 5*i - 4*i. Let h(z) = i*b(z) + 3*n(z). Suppose 11*u - 5*u = -30. Calculate h(u).
2
Let f(n) be the second derivative of n**4/12 - 2*n**3/3 + n**2/2 - n. Let p be f(4). Let m(s) be the second derivative of 3*s**4/4 + s. Give m(p).
9
Let f(b) = -3*b**3 - 4*b**2 + 4*b + 3. Let a(p) = p**3 + p**2 - p. Let g(x) = 2*a(x) + f(x). What is g(-3)?
6
Let a(x) = -x**2 + 3*x + 5. Suppose -g - g = l + 5, -2*l + 15 = -g. Calculate a(l).
-5
Let j(l) = l**3 - 5*l**2 + 2*l + 5. Let w(s) = s**3 + 5*s**2 - 7*s - 2. Suppose 4*a + 49 = 5*t, -5*a = -0*a + 3*t + 15. Let n be w(a). What is j(n)?
-3
Let n(y) = y**2 + 2*y + 1. Suppose 5*l = 2*l - 6. Calculate n(l).
1
Let n(u) be the second derivative of -u**4/12 + u**3 - 7*u**2/2 - 2*u. Let x = -10 + 15. Give n(x).
-2
Let h(a) = -12*a**3 - a - 6. Let p(m) = m**3 - 1. Let s(z) = h(z) - 6*p(z). Give s(-1).
19
Let f(p) = 4*p. Let k(t) = -10*t - 1. Let y(i) = -9*f(i) - 4*k(i). Calculate y(-3).
-8
Let c(k) = 3*k + 4. Let p = -12 - -15. Calculate c(p).
13
Suppose 3*d + 3*r - 15 = 0, -d - 10 = -5*r + 9. Let u(a) = -6*a**2 + 8*a**2 + 4*a + 0 + d. What is u(-3)?
7
Let g(p) be the first derivative of p**3/3 - 3*p**2/2 + p - 6. What is g(4)?
5
Suppose 5*s - 6 - 24 = 0. Let j(f) = -f**3 + 7*f**2 - 5*f - 6. Determine j(s).
0
Let m = 415 + -409. Let y(k) = 5*k**2 - 3*k - 5. Let w(l) = -9*l**2 + 6*l + 10. Let q(p) = 4*w(p) + 7*y(p). Calculate q(m).
-13
Let i(z) be the third derivative of -z**4/24 + z**3/6 - z**2. Suppose 8*m = 6*m + 10. Calculate i(m).
-4
Let n = 2 + -7. Let b(y) = -3*y - 4. What is b(n)?
11
Let k(y) = -y**3 + 5*y**2 - 7*y + 5. Suppose 0 = 18*j - 17*j - 4. What is k(j)?
-7
Let l = -8 - -13. Let d = l + -3. Let z(i) = -i - 2*i - 3*i + i**2 + 5*i - d. Calculate z(-2).
4
Let o = -1 - -1. Let b = 9 + -5. Let c(n) = 3*n + 0*n + 1 + 2*n - b*n. Give c(o).
1
Let d = 2 + -5. Let b be (-4 - -1)/((-6)/4). Let k(x) = -x - 3*x - x - x**b. Determine k(d).
6
Let r(y) be the second derivative of -y**5/20 - y**4/2 - y**3/2 - y**2 + 10*y - 1. What is r(-6)?
16
Let k(l) be the third derivative of -l**5/30 - l**4/6 + 3*l**2. Calculate k(-4).
-16
Suppose -3*d = -d - 3*r + 9, -d = 3*r. Suppose 4 = -4*q + 5*q. Let i(o) = 2*o - q + 3*o - 7*o. Determine i(d).
2
Let s = -3 + 5. Let d(k) = 7 + s*k**3 + k**2 - k - 3 - 5. Suppose -b = b + 4*a + 14, 4*a = -12. Calculate d(b).
-1
Let n(q) = 6*q**2 + 2*q + 3. Let v(a) = -a**2 - a - 1. Let s(p) = -n(p) - 3*v(p). Let l(m) = m - 4. Let w be l(8). Let c = w + -3. What is s(c)?
-2
Let w(g) = -g. Suppose -2*r - 22 = -2*u, 3*u + 2*r - 39 = 7*r. Let i(q) = 2*q - 6. Let x be i(6). Let o = x - u. Calculate w(o).
2
Let u(n) = -n**3 + 4*n**2 - 4. Let s be -1 + (27 - 0/3). Let f = -23 + s. Calculate u(f).
5
Let v(y) = 4 - 4 + y + 3 + 6. Give v(-4).
5
Let p(a) be the first derivative of a**4/2 + a**2/2 - a + 1. Let t be p(1). Let o(q) = -3*q**2 + 2*q + 0 + 3 + t*q**2. What is o(-2)?
-5
Let m(f) be the first derivative of f**4/8 + f**2 - 1. Let o(y) be the second derivative of m(y). Let c be 10/(-4)*(-8)/10. Give o(c).
6
Let b(g) = -7*g + 8. Let v(k) = 8*k - 21. Let s(o) = -7*o + 22. Let u(t) = -5*s(t) - 6*v(t). Suppose -4*c = -32 + 8. Let m(l) = c*u(l) - 11*b(l). Give m(6).
2
Let c(n) = -n**3 + 4*n**2 + n. Let b be -4*((-2)/(-7) - (-33)/(-42)). Calculate c(b).
10
Let x(p) = 5*p + 1 + 2*p - 3*p. What is x(-3)?
-11
Let x(s) = s**3 - 9*s**2 + 7*s + 9. Let n be x(8). Suppose 0 = -r + n + 1. Let o(i) = i**2 - 2*i + r - i**3 - 5 + 3*i. What is o(0)?
-3
Let f(v) be the first derivative of 1/4*v**4 + 2 - 5/3*v**3 + 2*v**2 - 5*v. Let k be f(4). Let m